ite number?
True
Is 20936359 a composite number?
True
Is 2558899 prime?
False
Is 4315709 prime?
True
Is 6136153 prime?
True
Is 6334907 a composite number?
False
Is 23812727 composite?
True
Is 138752053 a prime number?
False
Is 26434327 a composite number?
False
Is 5188151 prime?
False
Is 50576773 a prime number?
False
Is 7890469 prime?
False
Is 21618787 composite?
False
Is 575357 composite?
True
Is 202219699 a composite number?
True
Is 9861927 prime?
False
Is 83849 composite?
True
Is 13758077 prime?
True
Is 5235999 composite?
True
Is 218098129 a composite number?
False
Is 111115153 a prime number?
False
Is 16846397 prime?
False
Is 15527929 a prime number?
True
Is 43866259 composite?
True
Is 5757131 a prime number?
True
Is 284881 a prime number?
True
Is 36804847 composite?
True
Is 6246505 a prime number?
False
Is 7971851 prime?
True
Is 35584579 a prime number?
True
Is 21942877 a composite number?
True
Is 5916539 prime?
True
Is 1713407 composite?
True
Is 9776363 a prime number?
False
Is 3565531 composite?
False
Is 3192053 a composite number?
True
Is 1742219 prime?
False
Is 1561049 a composite number?
True
Is 150064721 prime?
True
Is 155273887 prime?
False
Is 11126861 a composite number?
True
Is 8258533 prime?
False
Is 14113273 prime?
True
Is 79553599 a prime number?
True
Is 10756429 composite?
True
Is 208083319 a prime number?
False
Is 177295981 composite?
False
Is 115021499 composite?
False
Is 321961 a composite number?
False
Is 5033543 a composite number?
False
Is 24525491 composite?
False
Is 79723543 prime?
False
Is 249663881 prime?
False
Is 15287887 composite?
True
Is 26721281 prime?
True
Is 969371 a prime number?
False
Is 66323263 prime?
True
Is 48973 a composite number?
False
Is 66192653 a prime number?
True
Is 3027773 a prime number?
False
Is 92809081 a composite number?
True
Is 82939 composite?
False
Is 7528919 a composite number?
True
Is 222895 prime?
False
Is 77949409 a prime number?
False
Is 20980247 prime?
True
Is 17020273 composite?
False
Is 930637 composite?
False
Is 38168579 composite?
True
Is 142449319 composite?
True
Is 8675813 composite?
False
Is 14307379 a composite number?
False
Is 1290661 prime?
False
Is 3294329 a composite number?
True
Is 66499127 composite?
False
Is 50510453 composite?
True
Is 161183 a composite number?
True
Is 147689 composite?
False
Is 242916173 composite?
False
Is 800587 a composite number?
False
Is 148829833 a composite number?
False
Is 8555389 composite?
False
Is 17000677 composite?
False
Is 10729559 composite?
False
Is 1113667 composite?
False
Is 19566551 prime?
True
Is 174854213 a prime number?
True
Is 51599323 composite?
True
Is 1773407 a composite number?
False
Is 5270743 prime?
False
Is 30099841 a composite number?
False
Is 835951 a composite number?
False
Is 6454267 a composite number?
True
Is 4258271 composite?
True
Is 9210013 prime?
True
Is 64271159 prime?
True
Is 26978557 a prime number?
True
Is 10025377 a prime number?
True
Is 22158595 a composite number?
True
Is 3970567 a prime number?
True
Is 35881349 composite?
True
Is 4250438 prime?
False
Is 1858957 prime?
True
Is 80455919 a composite number?
False
Is 2870869 composite?
True
Is 1757213 composite?
True
Is 1948021 a prime number?
True
Is 400087 a prime number?
True
Is 70709027 a prime number?
False
Is 176743579 a composite number?
True
Is 4403083 a prime number?
False
Is 752549 a prime number?
False
Is 89008001 prime?
True
Is 129952397 composite?
True
Is 4802491 composite?
False
Is 29770529 prime?
True
Is 1609033 prime?
False
Is 570067 a prime number?
False
Is 239449279 composite?
True
Is 132840815 prime?
False
Is 1250677 prime?
True
Is 3278309 a prime number?
False
Is 46331791 a prime number?
False
Is 599303 a prime number?
True
Is 58624723 composite?
True
Is 19084543 a prime number?
True
Is 195757145 composite?
True
Is 715690057 prime?
False
Is 2954023 a composite number?
False
Is 52125067 a prime number?
True
Is 2453137 prime?
False
Is 3973001 a prime number?
False
Is 39765673 composite?
False
Is 289307 composite?
True
Is 87704581 a composite number?
True
Is 139622963 a composite number?
True
Is 42020857 composite?
False
Is 5743457 a composite number?
False
Is 7786099 a prime number?
True
Is 6635599 a composite number?
True
Is 5783917 prime?
True
Is 11058694 prime?
False
Is 285583159 composite?
True
Is 35988829 a composite number?
False
Is 51465355 prime?
False
Is 136345813 a prime number?
True
Is 3177809 composite?
False
Is 3593419 composite?
True
Is 14228993 a composite number?
True
Is 436491709 a prime number?
True
Is 139553 a composite number?
True
Is 501833 a prime number?
False
Is 151958003 composite?
True
Is 29194019 composite?
False
Is 189773731 a composite number?
True
Is 37033 a prime number?
False
Is 82981 a composite number?
False
Is 2779703 a prime number?
True
Is 5659627 composite?
False
Is 64227263 a prime number?
True
Is 4637669 composite?
False
Is 10765531 composite?
True
Is 842173 composite?
False
Is 2753851 prime?
True
Is 10559441 composite?
True
Is 1754087 a composite number?
True
Is 4087499 a prime number?
False
Is 299969 a composite number?
False
Is 1120074347 composite?
True
Is 245738291 prime?
True
Is 1084966 prime?
False
Is 3493214 a composite number?
True
Is 1264177 a composite number?
False
Is 2667143 a prime number?
False
Is 151095563 composite?
True
Is 546929 a prime number?
False
Is 202857 a composite number?
True
Is 2705297 a prime number?
False
Is 162895357 composite?
False
Is 170423 a prime number?
False
Is 29322919 a prime number?
False
Is 4890073 a prime number?
False
Is 4831889 a composite number?
False
Is 1869379 prime?
True
Is 8403951 prime?
False
Is 96772573 composite?
False
Is 4815539 a prime number?
False
Is 16250467 composite?
False
Is 977134 a composite number?
True
Is 22829843 prime?
True
Is 3534983 a composite number?
True
Is 16143319 a prime number?
False
Is 7736461 a composite number?
False
Is 3548549 prime?
True
Is 698059 composite?
True
Is 1215833 prime?
False
Is 122242259 a composite number?
False
Is 16251173 a composite number?
False
Is 3756829 a prime number?
False
Is 11074301 a prime number?
False
Is 1624343 composite?
True
Is 5254193 composite?
True
Is 356663 composite?
False
Is 17810147 a prime number?
False
Is 55609271 composite?
False
Is 1625369 composite?
True
Is 140163755 a composite number?
True
Is 1658698 composite?
True
Is 1064418857 prime?
False
Is 729829 a composite number?
True
Is 2217491 a prime number?
True
Is 6125311 a composite number?
True
Is 717157 a prime number?
False
Is 835577 composite?
True
Is 611821 a prime number?
False
Is 152207717 composite?
True
Is 3423811 a composite number?
False
Is 11116099 a composite number?
False
Is 71817303 prime?
False
Is 3646957 composite?
False
Is 126811 composite?
True
Is 78159629 prime?
True
Is 30726161 prime?
True
Is 669815 a prime number?
False
Is 69922051 prime?
True
Is 155866247 a prime number?
True
Is 31687 prime?
True
Is 11003651 a composite number?
True
Is 401198293 a composite number?
False
Is 70316087 a composite number?
False
Is 608595058 composite?
True
Is 13962787 a composite number?
True
Is 282301454 a composite number?
True
Is 166303363 prime?
False
Is 4657727 prime?
True
Is 4529839 a composite number?
False
Is 25467731 composite?
True
Is 2358497 a composite number?
False
Is 1138363 a composite number?
False
Is 49937483 a composite number?
True
Is 121432393 composite?
False
Is 216093697 prime?
True
Is 41753369 prime?
False
Is 26335037 prime?
False
Is 19643747 a composite number?
False
Is 83909029 prime?
True
Is 1480861 a prime number?
True
Is 43185171 composite?
True
Is 996403 composite?
False
Is 718493 a prime number?
True
Is 8293469 a prime number?
True
Is 20085833 a prime number?
False
Is 108173917 a composite number?
False
Is 6899969 prime?
True
Is 7177913 prime?
False
Is 1699337 composite?
True
Is 23501 composite?
True
Is 77470171 prime?
True
Is 337705457 a composite number?
False
Is 6369082 composite?
True
Is 13403537 prime?
False
Is 667760501 a composite number?
False
Is 12495523 prime?
True
Is 32516947 a prime number?
False
Is 6487174 a prime number?
False
Is 22828441 a composite number?
True
Is 6546691 a composite number?
True
Is 2476277 prime?
False
Is 2757057 composite?
True
Is 42044767 a composite 